21 - (17 - 39 - -10)
33
(39 - 45 - (-10 + -5)) + (55 - 5)
59
1 + -1 - (81 + -21 + -114)
54
What is the value of 9 - (1 + -9) - (-50 - -69)?
-2
What is the value of 159 + (59 - 22 - 36) - (-1 - -22)?
139
What is (-21 - (-108 + -91)) + -54?
124
What is the value of -36 + 16 - (0 + -6 - (-4 - -7))?
-11
-28 + -8 + 30 + 14 + (-15 - 2)
-9
Evaluate (1251 - 1233) + (1 - 114).
-95
22 + -45 + 53 + (-38 - 1)
-9
What is the value of 3 + (2 - 5) + (-204 - -201) - 33?
-36
What is -74 - (18 + -5 + 16 + -42 - (2 + -17))?
-76
(-17 - ((-5 - -10) + -13)) + -9 + -13
-31
What is (-15 + 11 - 9) + 1 + -3 + -24?
-39
What is the value of (-48 - -45 - (-6 + -35)) + -28 + 11?
21
What is the value of -205 + 196 + ((-6 - -19) + -7 - 7)?
-10
Calculate 177 - 237 - (3 - 2).
-61
Calculate 5 - (-5 - (-6 - -1)) - 4 - (5 + 4).
-8
-2 - -49 - (27 + 21 - 25)
24
What is the value of -53 + -82 + 190 + -45?
10
-39 - ((-72 - -60) + -27)
0
1 + (2 - (0 + -2)) - (-92 - -19 - -119)
-41
What is the value of -49 - (-58 + (-84 - -41))?
52
Evaluate -15 - (-12 + -11 - 7).
15
What is the value of -15 + (-15 - (7 + 83 + -41))?
-79
What is -23 - (-23 - (5 + 13 + -9))?
9
Calculate (20 - 59) + 58 + (-4 - 14).
1
What is the value of 2 + 1 - -11 - (51 + -71)?
34
What is 14 + 8 + -11 - 24 - -6 - (-71 + 2)?
62
Evaluate 27 - 0 - (-630 - -701).
-44
34 + (-12 + 15 - -19) + -15
41
What is the value of (403 - 382) + 0 + -4 - 0?
17
What is the value of 122 - (-16 + -5 - -42 - (0 + 26))?
127
What is 12 - (86 - 55) - 19?
-38
Calculate 1 + -13 + (-2 - -18) + -9 + -28.
-33
What is the value of 36 + (-24 - -4) + -30?
-14
What is the value of (-6 - -4) + 249 + -289?
-42
What is the value of 1530 + -1534 + (-62 - -1)?
-65
What is the value of (-53 + 71 - 5) + -20 - (97 + -1)?
-103
What is the value of -11 + 15 + -8 - (-5 - (0 + 15))?
16
What is -11 + (52 - (6 - 8))?
43
42 - 19 - 5 - 5 - (-1 - 5)
19
Evaluate 47 + (17 - (-8 - (-5 + 7) - -7)) + -10.
57
Evaluate (-2 - 0) + 16 + (38 - -37) + -48.
41
What is -7 + -20 + 12 + 4 + -25?
-36
Evaluate (-101 + 65 + 29 - (-1 + -10)) + 6.
10
(-2 - 5) + (25 - (2 + 35))
-19
What is the value of (12 + (-2 - 3) + -7 - 1) + -20 + -5?
-26
What is (13 - 34) + 24 + 0 - (2 - -2)?
-1
What is the value of (2 - (-3 + 26) - -7) + 8 + -17 + 12?
-11
Evaluate 5 + 27 + -10 + -60 + 4.
-34
Evaluate (18 - 4) + (-8 - -28) + -14 - 5.
15
Evaluate 28 - (-9 - (3 + -24) - 56).
72
Evaluate -15 + 3 + (1 - 2) - (-11 + -6 + 4).
0
Evaluate -299 - -280 - (-1 - -29).
-47
What is the value of -3 - (-3 + 2) - -12 - (10 + -6)?
6
What is -3 - 31 - (15 + -13 + 8 + -3)?
-41
What is (46 - 30) + -71 + (-4 - -4 - -7)?
-48
Calculate (-11 - (4 - 6)) + -5 + 27 + -4.
9
Calculate 20 - (19 - -22 - 9).
-12
(-1059 - -1074 - (-2 + 2 + 20)) + -20
-25
What is the value of 1256 - 1181 - (38 - -3)?
34
Calculate 23 + (-70 - -83) - (2 - -1 - 3).
36
(3 - (-12 + -15 + 14)) + 13
29
What is the value of (0 - 14) + 265 + -254 + 30?
27
Evaluate -36 + 3 - (-11 + 6 + (3 - 6) + 2).
-27
55 + 0 - (526 + -481)
10
What is the value of (19 - -12) + -55 + -7 + -2?
-33
24 + (11 + -8 - 10) - 11 - (-10 + 16)
0
What is the value of (6 - (32 + -9)) + (73 - 0)?
56
Evaluate 3 + 3 + 12 + (-67 - -37).
-12
What is the value of 0 + -6 + (-575 - -542)?
-39
Calculate -976 + 947 + (1 - -1 - (-1 - -2)).
-28
Evaluate -9 + 71 + (-59 - -18 - -44).
65
Calculate -1 + (-68 - 0) - (43 + (-34 - -70) + -78).
-70
Calculate (199 - (85 - 3)) + -104.
13
What is the value of (1297 - 1358) + ((-2 - -2) + (-1 - 1) - 7)?
-70
Evaluate -53 + 2 + (5768 - 5637).
80
Calculate -17 - (-19 + -55 + 43).
14
What is the value of -19 - (171 - 84 - 28)?
-78
Evaluate (0 + -18 + 0 - -20) + (-50 - -1 - 4).
-51
What is (2 - (-9 + 2)) + -4777 + 4856?
88
What is -13 - (-23 - -1) - 5 - 2 - -6 - 10?
-2
Evaluate 3 + 72 + -2 + (3 - (-13 + 28) - -11).
72
65 - 78 - (-2 + 4 + 7)
-22
What is the value of -7 + (-14 - (8 + -12)) - (2 - 19)?
0
What is the value of -12 + (238 + -226 - (-17 - 0))?
17
Evaluate -15 + -79 + 73 + -23.
-44
What is 32 - (3 + 9) - (2 - -42)?
-24
What is (-4 - -38) + 832 + -849?
17
Evaluate 30 + -6 - 35 - 25 - (5 - -1).
-42
What is -9 - (63 - (19 + 36) - (-44 + -1))?
-62
-22 + 111 + -1 + -45 + -20
23
What is the value of (2 - 1) + (-2 - 2) + -84 + 78 - -18?
9
Calculate -29 - (32 + -52) - 23.
-32
What is 16 - ((-4 - (3 - 13)) + 12)?
-2
What is (-25 - -4) + (1 - 5 - (-11 + -29 + 43))?
-28
What is 59 + 2 + (4 - (-2 + 24))?
43
Evaluate ((40 - 24) + -1 - 5) + 78.
88
Calculate -14 + (8 + 23 - 52).
-35
What is -57 - ((-103 - -44) + 15)?
-13
Evaluate 99 - (63 - (-36 + 46)).
46
What is (-4 - (-10 - (2 - 11))) + (-9 - 3)?
-15
10 - ((6 - (56 - -9)) + -8 + -2 + 1)
78
Evaluate -12 + 29 + 32 - (-13 - -15).
47
Calculate 6 - -2 - (18 - 37) - 5.
22
What is the value of 25 + (-28 + 0 + 3 - (49 - 62)) - -83?
96
Evaluate -131 - (-104 + 152 + -263).
84
24 - (-11 + -22 + 8)
49
What is the value of 1 + (-7 - -12) + (-49 + (4 - 9) - 10)?
-58
What is (-14 - 11) + -73 + 85 - (7 + -17)?
-3
What is -13 + 9 + (8 - 18) + -22 + 19?
-17
What is the value of -79 + (-2 - -31) - -36?
-14
Calculate -6232 + 6284 - (0 - -63).
-11
Calculate 5 - (-10 + -4 - -4) - (130 + -109).
-6
What is the value of 8 + 4 + (47 - 90) + 19 + 0?
-12
What is -9 - 0 - ((57 - 46) + -1 + 2)?
-21
What is the value of 1 + (43 + -69 - 2)?
-27
What is -393 + 396 - ((-1 - -5) + (3 - 0))?
-4
Calculate (-1 - 7) + (-5 - (16 + -45 + 17)) - -21.
20
(-18 - (36 - -11) - -86) + (8 - 1)
28
Evaluate 65 - (-12 + (-1 - -38) + -32).
72
What is the value of 1 - 27 - (-9 - -12) - ((66 - 145) + 86)?
-36
What is the value of 20 - (-15 - (28 + -102 + 38))?
-1
What is the value of 4 + (-17 - -5 - (-3 + 9 + -7))?
-7
What is 6 - (-31 + 40 - (-46 + -5) - 10)?
-44
Evaluate -9 + -5 - 38 - (-18 + 9 + 3).
-46
What is 3 - -1 - (-14 - -13) - (1 + (-27 - -2))?
29
Calculate 28 + (2 - -39) + (5 - 27).
47
Calculate 99 - ((1160 - 1138) + (0 - -11)).
66
3 - -3 - (-31 + 7 - 63 - -5)
88
448 + -449 + 1 + -8 - (26 + -2)
-32
Evaluate -79 + 65 - 5 - -60.
41
5 + 7 + -10 + 15 + (-13 - -23 - -74)
101
What is (10 - 23) + 15 + 19?
21
What is the value of -5 + 0 - ((32 + -24 - 17) + 17 + 1)?
-14
Evaluate (-3 - 4) + -4 - (-17 - -47).
-41
What is the value of -2 + 1 + -10 + 22 + (-7 - (-5 - 15))?
24
What is 19 + 0 + 145 + 121 + -220?
65
Evaluate 27 + 14 - -47 - 41.
47
Evaluate -1 - 1 - 16 - (2286 + -2320).
16
Calculate 24 - (51 - (26 - 4)) - -24.
19
What is the value of 51 - (-7 - -1 - (3 - 30 - -32)) - 2?
60
What is -26 - (-52 + 11 + 33)?
-18
-12 + 2 - (-10 + 2) - (37 + 2)
-41
Calculate -4593 + 4678 + (1 - 135).
-49
Evaluate -13 - (18 - -12) - (-10 + 2 + (2 - -1)).
-38
What is the value of 6 + (-7 - ((-16 - -1) + 63 + -61))?
12
What is the value of (66 - -1) + (43 - (42 - -29)) + 9?
48
Calculate 20 + -4 + -86 - (1 - -15 - 7).
-79
What is (-27 - 29) + (28 - 14 - 42)?
-84
What is the value of (-3 - -6) + 295 + -308?
-10
What is (4 - 16 - -3) + -6 + (-5 - -1) + -4?
-23
What is (19 - (-8 + 28 + 0)) + 28?
27
Evaluate (18 - 0) + (37 - (93 - 40)) - 55.
-53
What is -28 - (7 - ((-2 - (-6 + -3 + 4)) + -7))?
-39
What is the value of 33 + -6 + -77 - -88?
38
2 - 0 - 6 - (-9 - (11 + (-58 - -71)))
29
Calculate -10 + (1 - -1) - ((0 - 1 - 0) + -28).
21
Evaluate 80 + -186 + 74 - (-4 - (-3 - -5)).
-26
Evaluate 0 + 5 - (48 - (5 + -9 + 20)) - 0.
-27
Evaluate (-49 - -2) + (26 - (13 + (15 - 12)) - 16).
-53
Evaluate -24 - -90 - ((42 - 43) + (2 - 8)).
73
Evaluate -35 - (41 + -52 + 26).
-50
Calculate (34 - (3 + 16)) + (-25 - -16).
6
13 + 13 + (-7 - -7 - -3)
29
Evaluate 13 - (3 - -14) - (-32 + (-10 - -1) + 17).
20
Calculate (-1863 - -1917) + (-12 - 1).
41
What is -12 - (11 - (78 - (-7 - -17)) - -13)?
32
What is 54 + (22 - 55) + -24 + (-3 + 2 - 77)?
-81
What is the value of -1 + (0 + -19 - (22 - 61))?
19
What is 36 + 46 + -11 - 25 - -7?
53
What is -164 + -66 + 242 + (1 - 1 - -19)?
31
What is the value of (-7 - 16 - -1) + 52 + 0?
30
Evaluate 7 + (-530 - -539) + 48 + 2.
66
-95 + (-6 + 0 - -6 - (-12 + -14 - -18))
-87
Evaluate (194 - 189 - (40 - 0)) + (-5 + -4 - 4).
-48
Evaluate 42 + 7 - (1 + 5 + 1 - (-35 - -32)).
39
What is -2 - (12 + -11 + -5) - 9 - 0 - -77?
70
Evaluate -9 + -28 + 8 + 58.
29
Evaluate -11 + 6 + -1 + 14 - (-152 - -221).
-61
What is the value of 11 - 0 - (-64 + -1 + (-76 + 99 - 21))?
74
Evaluate 59 + -81 - -110